{"id":502,"date":"2024-12-05T12:01:47","date_gmt":"2024-12-05T12:01:47","guid":{"rendered":"https:\/\/komunitetiemanuel.org\/?page_id=502"},"modified":"2025-02-03T09:04:42","modified_gmt":"2025-02-03T09:04:42","slug":"problemi-droge-shkaqet-dhe-rrugedaljet","status":"publish","type":"page","link":"https:\/\/komunitetiemanuel.org\/?page_id=502","title":{"rendered":"Problemi drog\u00eb:\u00a0shkaqet dhe rrug\u00ebdaljet"},"content":{"rendered":"<div class=\"wp-block-image\">\r\n<figure class=\"aligncenter size-large is-resized\"><img loading=\"lazy\" decoding=\"async\" width=\"1024\" height=\"698\" class=\"wp-image-499\" style=\"width: 383px; height: auto;\" src=\"https:\/\/komunitetiemanuel.org\/wp-content\/uploads\/2024\/12\/Pesce-1024x698.jpg\" alt=\"\" srcset=\"https:\/\/komunitetiemanuel.org\/wp-content\/uploads\/2024\/12\/Pesce-1024x698.jpg 1024w, https:\/\/komunitetiemanuel.org\/wp-content\/uploads\/2024\/12\/Pesce-300x204.jpg 300w, https:\/\/komunitetiemanuel.org\/wp-content\/uploads\/2024\/12\/Pesce-768x523.jpg 768w, https:\/\/komunitetiemanuel.org\/wp-content\/uploads\/2024\/12\/Pesce-1536x1047.jpg 1536w, https:\/\/komunitetiemanuel.org\/wp-content\/uploads\/2024\/12\/Pesce-2048x1396.jpg 2048w\" sizes=\"auto, (max-width: 767px) 89vw, (max-width: 1000px) 54vw, (max-width: 1071px) 543px, 580px\" \/><\/figure>\r\n<\/div>\r\n\r\n\r\n<p><strong>Problemi drog\u00eb: shkaqet dhe rrug\u00ebdaljet<\/strong><\/p>\r\n\r\n\r\n\r\n<p>Duke menduar problemin drog\u00eb, reagimi im i par\u00eb \u00ebsht\u00eb hidh\u00ebrimi majft i madh i cili rrjedh nga konstatimi se si akoma edhe nj\u00eb her\u00eb shoq\u00ebria nuk lufton p\u00ebr t\u00eb mir\u00ebn, por k\u00ebnaqet duke administruar t\u00eb keqen; nuk propozon t\u00eb mir\u00ebn m\u00eb t\u00eb madhe por kufizohet n\u00eb pak\u00ebsimin e d\u00ebmit (propozime p\u00ebr administrimin e kontrolluar t\u00eb heroin\u00ebs, penalizimin e p\u00ebrdorimit t\u00eb disa drogave, duke i konsideruar ato t\u00eb \u201clehta\u201d, nd\u00ebrsa n\u00eb realitet nuk jan\u00eb t\u00eb tilla\u2026).<\/p>\r\n\r\n\r\n\r\n<p>Jemi te bindur q\u00eb jo vet\u00ebm beteja kund\u00ebr drog\u00ebs \u00ebsht\u00eb tashm\u00eb e humbur, por as nuk duam ta luftojm\u00eb at\u00eb, t\u00eb n\u00ebnshtruar nga humbja, me d\u00ebshir\u00eb, n\u00eb dukje p\u00ebr t\u00eb kufizuar d\u00ebmet, por n\u00eb t\u00eb v\u00ebrtet\u00eb duke refuzuar k\u00ebrkesat e larta t\u00eb politikave shoq\u00ebrore dhe ndryshimeve kulturore, prej t\u00eb cilave mund t\u00eb shpresohet te arrihen rezultate m\u00eb njer\u00ebzore p\u00ebr t\u00eb gjith\u00eb.<\/p>\r\n\r\n\r\n\r\n<p>Droga ia dor\u00ebzon t\u00eb riun vart\u00ebsis\u00eb, duke e burgosur n\u00eb t\u00eb, duke e shk\u00ebputur nga marr\u00ebdh\u00ebniet familjare dhe nga pjes\u00ebmarrja n\u00eb jet\u00ebn shoq\u00ebrore dhe e p\u00ebrcjell at\u00eb n\u00eb vdekjen e ngadalt\u00eb. Droga \u00ebsht\u00eb nj\u00eb e keqe, b\u00ebn gjithmon\u00eb keq e vet\u00ebm keq, nga ana fizike, psikologjike, shpirt\u00ebrore, familjare, shoq\u00ebrore si dhe n\u00eb aspektin e pun\u00ebs dhe at\u00eb kulturor.<\/p>\r\n\r\n\r\n\r\n<p>P\u00ebrdorimi i saj minon cil\u00ebsin\u00eb e jet\u00ebs n\u00eb t\u00eb gjitha nivelet.<\/p>\r\n\r\n\r\n\r\n<p>Shkaqet duhen k\u00ebrkuar: n\u00eb kriz\u00ebn e n\u00eb shp\u00ebrb\u00ebrjen familjare, n\u00eb shqet\u00ebsimet rinore, n\u00eb individualizmin dhe indiferenc\u00ebn, n\u00eb munges\u00ebn e pun\u00ebs dhe t\u00eb mund\u00ebsive t\u00eb t\u00eb rinjve, si dhe n\u00eb kushtet e nj\u00eb kulture ku lejohet \u00e7do gj\u00eb.<\/p>\r\n\r\n\r\n\r\n<p>Rrug\u00ebdaljet jan\u00eb: politikat sociale serioze, projektet p\u00ebr adoleshent\u00ebt e t\u00eb rinjt\u00eb, nxitja e kultur\u00ebs s\u00eb jet\u00ebs, t\u00eb personit, t\u00eb familjes, k\u00ebrkimi dhe krijimi i formave t\u00eb reja pedagogjike duke u nisur nga shkollat\u2026 Duhet \u00e7liruar njeriu, t\u00eb nxiten vlerat e jo veset, te ngulmohet e zhvillohet sh\u00ebndeti n\u00eb kuptimin m\u00eb t\u00eb gjer\u00eb t\u00eb fjal\u00ebs, dinjteti i qytetarit, t\u00eb ndihmohet reflektimi personal dhe ai shoq\u00ebror, n\u00eb m\u00ebnyr\u00eb q\u00eb t\u00eb ndihmohet pjes\u00ebmarrja dhe interesimi n\u00eb k\u00ebto fusha.<\/p>\r\n\r\n\r\n\r\n<p><strong>Droga-Problem shoq\u00ebror<\/strong><\/p>\r\n\r\n\r\n\r\n<p>Ka nj\u00eb rrezik q\u00eb vjen nga padija, nga mendjeleht\u00ebsia dhe nga egoizmi, q\u00eb na ndalon t\u00eb kuptojm\u00eb k\u00ebrc\u00ebnimin q\u00eb i b\u00ebhet vet\u00eb jet\u00ebs son\u00eb dhe asaj t\u00eb f\u00ebmij\u00ebve tan\u00eb, \u00ebsht\u00eb nj\u00eb m\u00ebnyr\u00eb t\u00eb menduari. \u00cbsht\u00eb mend\u00ebsi egocentrike q\u00eb ushqehet nga privatizmi dhe liberalizmi, individualizmi, komsumizmi, lirit\u00eb e tepruara, boshll\u00ebqet ekzistenciale, vetmia, t\u00eb shqet\u00ebsuarit p\u00ebr sende dhe mungesa e marr\u00ebdh\u00ebnieve, r\u00ebnia e vlerave, padrejt\u00ebsia, moskok\u00eb\u00e7arja, degradimi, mbivler\u00ebsimi i eg\u00ebr i veseve q\u00eb shiten si vlera.<\/p>\r\n\r\n\r\n\r\n<p>N\u00eb k\u00ebt\u00eb kuptim droga \u00ebsht\u00eb fryt i hipokrizis\u00eb shoq\u00ebrore pasi \u00ebsht\u00eb nj\u00eb e keqe, mikrobet e s\u00eb cil\u00ebs vet\u00eb shoq\u00ebria mbjell me kultur\u00ebn e boshll\u00ebkut, t\u00eb maskave dhe t\u00eb idhujve. Dhe i le t\u00eb bien k\u00ebto mikrobe n\u00eb bot\u00ebn afektive t\u00eb pambrojtur t\u00eb t\u00eb rinjve n\u00eb vend q\u00eb ti ushqej\u00eb sipas kritereve t\u00eb thjesht\u00ebsis\u00eb e t\u00eb solidaritetit q\u00eb do t\u00eb garantonin nivelin e nj\u00eb jete m\u00eb njer\u00ebzore p\u00ebr t\u00eb gjith\u00eb.<\/p>\r\n\r\n\r\n\r\n<p>Pra droga \u00ebsht\u00eb fryt i miopis\u00eb shoq\u00ebrore, sepse i ka rr\u00ebnj\u00ebt n\u00eb pap\u00ebrgjegjshm\u00ebrin\u00eb, n\u00eb munges\u00ebn e projekteve politike e kulturore dhe \u00ebsht\u00eb paradoksale, skandaloze dhe imorale q\u00eb bie n\u00eb loj\u00ebra interesash dhe pushtetesh pa arritur ose pa dashur t\u00eb d\u00ebnoj\u00eb n\u00eb m\u00ebnyr\u00eb efikase dhe shembullore t\u00eb korruptuarit dhe korruptuesit.<\/p>\r\n\r\n\r\n\r\n<p><strong>P\u00ebrfundim:<\/strong><\/p>\r\n\r\n\r\n\r\n<p>Problemi dhe \u201ck\u00ebrc\u00ebnimi\u201d i krijuar nga droga jan\u00eb vet\u00ebm nj\u00eb presje n\u00eb krahasim me morin\u00eb e problemeve dhe k\u00ebrc\u00ebnimeve q\u00eb b\u00ebjn\u00eb pjes\u00eb n\u00eb organizimin e jet\u00ebs individuale dhe shoq\u00ebrore t\u00eb zot\u00ebruara nga kultura personale, e paras\u00eb dhe e tregut, e rehatis\u00eb dhe k\u00ebnaq\u00ebsis\u00eb, e suksesit dhe e afirmimit ose t\u00eb dukjes individuale dhe trupore t\u00eb drejtuara nga kriteret aq shum\u00eb t\u00eb p\u00ebrhapura p\u00ebr t\u2019u b\u00ebr\u00eb jo vet\u00ebm shkaku i t\u00eb k\u00ebqiave shoq\u00ebrore t\u00eb m\u00ebdha e t\u00eb vogla; jan\u00eb burimi m\u00eb i madh i ndotjes p\u00ebr psikoz\u00ebn e t\u00eb rinjve q\u00eb dob\u00ebsojn\u00eb e \u201cs\u00ebmurin\u201d, shkat\u00ebrrojn\u00eb mentalitetin e p\u00ebrgjithsh\u00ebm\u201d, m\u00ebnyr\u00ebn e perceptimit t\u00eb realitetit dhe vet\u00eb kuptimin e jet\u00ebs.<\/p>\r\n\r\n\r\n\r\n<p>\u00cbsht\u00eb cil\u00ebsia e jet\u00ebs q\u00eb duhet rishikuar; \u00ebsht\u00eb modeli i zhvillimit ai q\u00eb duhet korrigjuar, meq\u00eb, n\u00eb nivel lokal, komb\u00ebtar e nd\u00ebrkomb\u00ebtar, \u00ebsht\u00eb fakt q\u00eb ky model krijohet nga \u201ct\u00eb m\u00ebdhenjt\u00eb\u201d dhe nga \u201ct\u00eb fort\u00ebt\u201d p\u00ebr veten e tyre, p\u00ebr p\u00ebrfitimin dhe supermacin\u00eb e tyre, duke arritur t\u00eb prodhojn\u00eb, fshehin, p\u00ebrjashtojn\u00eb nj\u00eb mas\u00eb \u201ct\u00eb vegj\u00eblish\u201d, \u201ct\u00eb dob\u00ebtish\u201d, \u201ct\u00eb varf\u00ebrish\u201d.<\/p>\r\n\r\n\r\n\r\n<p>Shoq\u00ebria nuk do t\u00eb shp\u00ebtoj\u00eb as nga e keqja e drog\u00ebs dhe as nga t\u00eb k\u00ebqijat m\u00eb t\u00eb r\u00ebnda shprehje e t\u00eb cilave \u00ebsht\u00eb droga, pa nj\u00eb revolucion kulturor, t\u00eb p\u00ebrgjithsh\u00ebm e t\u00eb vazhduesh\u00ebm, q\u00eb besimtar\u00ebt e quajn\u00eb \u201ckthes\u00eb\u201d dhe q\u00eb p\u00ebr t\u00eb gjith\u00eb \u00ebsht\u00eb nd\u00ebrgjegj\u00ebsimi p\u00ebr vlerat e jet\u00ebs; pranimi i realitetit e nj\u00ebkoh\u00ebsisht luft\u00eb p\u00ebr ta shnd\u00ebrruar at\u00eb n\u00eb t\u00eb mir\u00eb t\u00eb t\u00eb gjith\u00ebve duke u nisur nga m\u00eb t\u00eb fundit; ndjenja e personalitetit, e mb\u00ebshtetjes dhe mbrojtjes s\u00eb familjes; edukimi qytetar, angazhimi etik, pasioni p\u00ebr t\u00eb mir\u00ebn e p\u00ebrbashk\u00ebt, nismat shoq\u00ebrore, kooperimi; politika q\u00eb nuk kufizohen me ekzistuesen, por q\u00eb din\u00eb t\u00eb projektojn\u00eb e t\u00eb nd\u00ebrtojn\u00eb t\u00eb ardhmen.<\/p>\r\n\r\n\r\n\r\n<p>Si p\u00ebrfundim \u00ebsht\u00eb e nevojshme t\u00eb luftohet \u201cdroga-substanc\u00eb\u201d, duke luftuar dhe mundur \u201cdrog\u00ebn-mentalitet\u201d, t\u00eb ndryshohet cil\u00ebsia e jet\u00ebs, t\u00eb organizohet dhe t\u00eb realizohet shpresa e p\u00ebrbashk\u00ebt.<\/p>\r\n\r\n\r\n\r\n<p><em>At\u00eb Mario Marafioti<\/em>, <em>Themelues i Komunitetit Emanuel<\/em><\/p>\r\n","protected":false},"excerpt":{"rendered":"<p>Problemi drog\u00eb: shkaqet dhe rrug\u00ebdaljet Duke menduar problemin drog\u00eb, reagimi im i par\u00eb \u00ebsht\u00eb hidh\u00ebrimi majft i madh i cili rrjedh nga konstatimi se si akoma edhe nj\u00eb her\u00eb shoq\u00ebria nuk lufton p\u00ebr t\u00eb mir\u00ebn, por k\u00ebnaqet duke administruar t\u00eb keqen; nuk propozon t\u00eb mir\u00ebn m\u00eb t\u00eb madhe por kufizohet n\u00eb pak\u00ebsimin e d\u00ebmit (propozime &hellip; <\/p>\n<p class=\"link-more\"><a href=\"https:\/\/komunitetiemanuel.org\/?page_id=502\" class=\"more-link\">Leggi tutto<span class=\"screen-reader-text\"> &#8220;Problemi drog\u00eb:\u00a0shkaqet dhe rrug\u00ebdaljet&#8221;<\/span><\/a><\/p>\n","protected":false},"author":1,"featured_media":0,"parent":0,"menu_order":0,"comment_status":"closed","ping_status":"closed","template":"","meta":{"footnotes":""},"class_list":["post-502","page","type-page","status-publish","hentry"],"_links":{"self":[{"href":"https:\/\/komunitetiemanuel.org\/index.php?rest_route=\/wp\/v2\/pages\/502","targetHints":{"allow":["GET"]}}],"collection":[{"href":"https:\/\/komunitetiemanuel.org\/index.php?rest_route=\/wp\/v2\/pages"}],"about":[{"href":"https:\/\/komunitetiemanuel.org\/index.php?rest_route=\/wp\/v2\/types\/page"}],"author":[{"embeddable":true,"href":"https:\/\/komunitetiemanuel.org\/index.php?rest_route=\/wp\/v2\/users\/1"}],"replies":[{"embeddable":true,"href":"https:\/\/komunitetiemanuel.org\/index.php?rest_route=%2Fwp%2Fv2%2Fcomments&post=502"}],"version-history":[{"count":2,"href":"https:\/\/komunitetiemanuel.org\/index.php?rest_route=\/wp\/v2\/pages\/502\/revisions"}],"predecessor-version":[{"id":631,"href":"https:\/\/komunitetiemanuel.org\/index.php?rest_route=\/wp\/v2\/pages\/502\/revisions\/631"}],"wp:attachment":[{"href":"https:\/\/komunitetiemanuel.org\/index.php?rest_route=%2Fwp%2Fv2%2Fmedia&parent=502"}],"curies":[{"name":"wp","href":"https:\/\/api.w.org\/{rel}","templated":true}]}}